{"id":30,"date":"2014-05-05T11:56:24","date_gmt":"2014-05-05T09:56:24","guid":{"rendered":"http:\/\/www.musikproduktion-reh.de\/wordpress\/?page_id=30"},"modified":"2020-05-27T10:33:32","modified_gmt":"2020-05-27T08:33:32","slug":"bio","status":"publish","type":"page","link":"https:\/\/www.musikproduktion-reh.de\/wordpress\/bio\/","title":{"rendered":"\u00dcber mich"},"content":{"rendered":"<p>Im Jahr 1990, noch w\u00e4hrend meines Studiums am Tonmeisterinstitut der Musikhochschule in Detmold, begann meine freiberufliche T\u00e4tigkeit zun\u00e4chst als freier Tonmeister f\u00fcr Rundfunkanstalten und Schallplattenfirmen.<\/p>\n<p>Um meine eigenen Vorstellungen verwirklichen zu k\u00f6nnen, begann ich nach Abschluss des Studiums als Dipl.-Tonmeister, mich mit eigener Technik unabh\u00e4ngig und selbstst\u00e4ndig zu machen und gr\u00fcndete mein eigenes Unternehmen f\u00fcr Musikproduktion.<\/p>\n<p>Mein Ziel ist es, Produktionen von klassischer Musik in angenehmer, konzentrierter, von gegenseitigem Vertrauen gepr\u00e4gter Arbeitsatmosph\u00e4re sowie in h\u00f6chster musikalischer und technischer Qualit\u00e4t durchzuf\u00fchren. Infolgedessen habe ich von Anfang an ausschlie\u00dflich in entsprechende professionelle, mobile Technik investiert, die durch aktuelle Erg\u00e4nzungen stets auf dem neuesten Stand der Entwicklung gehalten wird. So bin ich in der Lage, den Bed\u00fcrfnissen der st\u00e4ndig im Wandel begriffenen Musikindustrie Rechnung zu tragen. Dar\u00fcber hinaus lege ich Wert auf gr\u00f6\u00dftm\u00f6gliche technische Flexibilit\u00e4t, um an jeder Schnittstelle aktuellen Entwicklungen gerecht werden zu k\u00f6nnen.<\/p>\n<p>Das hochwertige Equipment bildet jedoch nur die zwingende Voraussetzung, die musikalischen Ideen von Komponist und Interpreten ideal einzufangen. Ebenso wichtig ist die Unterst\u00fctzung der Musiker in Fragen der musikalischen und klanglichen Interpretation. Hierbei m\u00f6chte ich den Interpreten als erster Zuh\u00f6rer und zuverl\u00e4ssiger, vertrauensvoller Partner w\u00e4hrend der Aufnahme unterst\u00fctzend zur Seite stehen.<\/p>\n<p>Bereits sehr fr\u00fch kam es zu regelm\u00e4\u00dfigen Kontrakten mit den Schallplattenfirmen BIS (Stockholm), cpo (Osnabr\u00fcck) und Philips Classics (Baarn). Viele weitere bedeutende Firmen wie etwa Sony\/BMG oder Berlin Classics und international anerkannte K\u00fcnstler gesellten sich im Laufe der Zeit weltweit hinzu.<\/p>\n<p>Dieser gro\u00dfe Erfahrungsschatz f\u00fchrte von 1999 bis 2002 zu einer Anstellung als Dozent f\u00fcr Musik\u00fcbertragung und k\u00fcnstlerische Aufnahmeleitung am Erich-Thienhaus-Institut (ehem. Tonmeisterinstitut) in Detmold. Bis heute unterrichte ich junge Tonmeister auf privater Basis.<\/p>\n","protected":false},"excerpt":{"rendered":"<p>Im Jahr 1990, noch w\u00e4hrend meines Studiums am Tonmeisterinstitut der Musikhochschule in Detmold, begann meine freiberufliche T\u00e4tigkeit zun\u00e4chst als freier Tonmeister f\u00fcr Rundfunkanstalten und Schallplattenfirmen. Um meine eigenen Vorstellungen verwirklichen zu k\u00f6nnen, begann ich nach Abschluss des Studiums als Dipl.-Tonmeister, mich mit eigener Technik unabh\u00e4ngig und selbstst\u00e4ndig zu machen und gr\u00fcndete mein eigenes Unternehmen f\u00fcr Musikproduktion. Mein Ziel ist es,<\/p>\n<p><a class=\"more-link\" href=\"https:\/\/www.musikproduktion-reh.de\/wordpress\/bio\/\">Weiterlesen<\/a><\/p>\n","protected":false},"author":1,"featured_media":0,"parent":0,"menu_order":0,"comment_status":"closed","ping_status":"closed","template":"","meta":{"footnotes":""},"class_list":["post-30","page","type-page","status-publish","hentry"],"_links":{"self":[{"href":"https:\/\/www.musikproduktion-reh.de\/wordpress\/wp-json\/wp\/v2\/pages\/30","targetHints":{"allow":["GET"]}}],"collection":[{"href":"https:\/\/www.musikproduktion-reh.de\/wordpress\/wp-json\/wp\/v2\/pages"}],"about":[{"href":"https:\/\/www.musikproduktion-reh.de\/wordpress\/wp-json\/wp\/v2\/types\/page"}],"author":[{"embeddable":true,"href":"https:\/\/www.musikproduktion-reh.de\/wordpress\/wp-json\/wp\/v2\/users\/1"}],"replies":[{"embeddable":true,"href":"https:\/\/www.musikproduktion-reh.de\/wordpress\/wp-json\/wp\/v2\/comments?post=30"}],"version-history":[{"count":8,"href":"https:\/\/www.musikproduktion-reh.de\/wordpress\/wp-json\/wp\/v2\/pages\/30\/revisions"}],"predecessor-version":[{"id":635,"href":"https:\/\/www.musikproduktion-reh.de\/wordpress\/wp-json\/wp\/v2\/pages\/30\/revisions\/635"}],"wp:attachment":[{"href":"https:\/\/www.musikproduktion-reh.de\/wordpress\/wp-json\/wp\/v2\/media?parent=30"}],"curies":[{"name":"wp","href":"https:\/\/api.w.org\/{rel}","templated":true}]}}